. What are the prime factors of l?
2, 191
Let l(x) = x**3 + 57*x**2 - 13*x + 764. List the prime factors of l(-56).
2, 13, 89
Let y(n) = -92*n**3 - 2*n**2 - 16*n + 49. List the prime factors of y(-7).
7, 4517
Suppose -96 = 5*k + k. Let m(w) = 2*w + 30. Let x be m(k). Let q(s) = -7*s**3 + s**2 - 4*s - 4. List the prime factors of q(x).
2
Let t(s) = -11*s**3 - s**2 - 3*s - 1. Let y be t(-1). Suppose 32*p = 33*p - 5. Suppose -p*o = -y*o + 308. What are the prime factors of o?
2, 11
Suppose 0 = -6*h + 23932 + 11270. List the prime factors of h.
5867
Let p be 5091 + -1 + (13 - 6). Suppose 5*k - 13*u - 6335 = -14*u, 0 = -4*k + 5*u + p. List the prime factors of k.
2, 317
Let p be (-4*2)/2*(-6 + 5). Suppose -1428 = -p*z + 680. What are the prime factors of z?
17, 31
Let y(m) = 10*m**2 - 7*m + 2. Let h be y(-5). Let o(j) = 22*j**2 + 223*j + 32. Let b be o(-10). Suppose 0 = b*i - 17 - h. What are the prime factors of i?
2, 19
Suppose 4*w + 18 = 66. Suppose w*r = 10*r + 4. Suppose -5*n - 2*i = -539, 4*n - r*i - 68 = 356. What are the prime factors of n?
107
Let s(m) = 35*m - 204. List the prime factors of s(28).
2, 97
Suppose 351030 = 36*x - 848058. What are the prime factors of x?
2, 11, 757
Suppose -5*x - l + 176387 = 0, -13*x + 12*x - 3*l = -35283. List the prime factors of x.
3, 11, 1069
Suppose -2*d + 2*n = -21806, -5*n - 883 = -918. List the prime factors of d.
2, 5, 1091
List the prime factors of 0/((-2)/(-2)) + 52 + 1891.
29, 67
What are the prime factors of 14714 - (16/(-40))/(14/(-35))?
14713
Suppose o = -s - 5, 5*o - 6 = -4*s - 26. Let w(m) = m**3 - 4*m**2 + 4*m + 875. What are the prime factors of w(o)?
5, 7
Let z(c) = 4*c - 8. Let u be z(2). Suppose u = -4*l + 5*l + 5. List the prime factors of (-2 - (-48)/20) + (-193)/l.
3, 13
Let n be (4/(-12))/(2 - 100/48). Suppose 3*l - 2589 - 1368 = n*d, -4*l + 3*d = -5283. List the prime factors of l.
3, 7
Let x = 45 + -44. Let m(a) = -6 + 2 + 4 + 9*a + x. What are the prime factors of m(19)?
2, 43
Let p = 439 + -312. Let w = 319 - p. Suppose -2*i + 0*o - 2*o = -w, 3*i + 4*o - 293 = 0. What are the prime factors of i?
7, 13
Let r(h) = 11*h**2 - h + 15. Let a be (12/8)/((-3)/8). List the prime factors of r(a).
3, 5, 13
Suppose -12*s + 126 = 9*s. Suppose -5*u + 275 = s*u. What are the prime factors of u?
5
Let v(z) = 95*z**2 - 7*z + 10. Suppose 2*w + i + i = -6, 0 = -5*w - 3*i - 5. What are the prime factors of v(w)?
2, 47
Suppose -26*u + 2640 = -20*u. Suppose -3*b = 4*s - 662, 2*b + 11*s - u = 8*s. List the prime factors of b.
2, 113
Suppose 35*f - 522 = 6*f. Let a(j) = 40*j + 248. List the prime factors of a(f).
2, 11
Let y(j) = -7*j**3 + 249*j**2 - 75*j - 81. What are the prime factors of y(35)?
2, 1097
What are the prime factors of (926/(-4) - 2)*4820/(-241)?
2, 5, 467
Let g be (2 - (-3 - 1)) + -147. List the prime factors of (131/2 - g/(-94)) + -1.
3, 7
Let b = -47465 - -89015. What are the prime factors of b?
2, 3, 5, 277
Let s(y) = 14555*y + 500. List the prime factors of s(4).
2, 5, 367
Let y = -42 - -48. Suppose 0 = -y*q - 39 - 45. List the prime factors of 12 + q - 1*-110.
2, 3
What are the prime factors of ((-10816)/(-130))/(2/485)?
2, 13, 97
Let u(v) = -737*v + 32390. What are the prime factors of u(0)?
2, 5, 41, 79
Let q(f) = 6*f - 134. Let n be q(23). Suppose -4*l - 1009 = -5*l + 3*b, -n*l - b = -3971. What are the prime factors of l?
2, 7, 71
Suppose -5*i + 3*p = -397 - 78, 0 = 5*i + 2*p - 450. Let m(y) = i + 13*y + 10*y - 22*y. List the prime factors of m(0).
2, 23
Suppose 9148 = 4*r + 47*p - 51*p, 4*p + 2305 = r. List the prime factors of r.
2281
Let k(z) = 6440*z**2 - z - 1. List the prime factors of k(-2).
3, 31, 277
Let z = 381 + -1141. Let u = 869 + z. What are the prime factors of u?
109
Let u = 15376 - 10182. What are the prime factors of u?
2, 7, 53
What are the prime factors of -38*(-2*2345/10 + -1 + -5)?
2, 5, 19
Let r(l) = -l - 13. Let j be (88/6)/4*-3. Let k be r(j). List the prime factors of -22*((-12)/(-8) + k).
11
Suppose -4*i + 2*x = 6422, -5*i - 5335 - 2692 = -3*x. Let l = -920 - i. What are the prime factors of l?
2, 7
Let s = -2862 + 2860. Let j(z) be the second derivative of -9*z**5/20 + z**4/2 + 7*z**3/6 - z. List the prime factors of j(s).
2, 41
What are the prime factors of -7*15/(-525)*37295?
7459
Let h = -68361 + 109098. List the prime factors of h.
3, 37, 367
Let j(w) = 35*w - 137*w - 18 - 103*w. What are the prime factors of j(-2)?
2, 7
What are the prime factors of ((-637)/(-26) + -6)/((-1)/(-840))?
2, 3, 5, 7, 37
Suppose 2*v + 3*g - 14964 = 0, -37862 + 15416 = -3*v - 2*g. List the prime factors of v.
2, 3, 29, 43
Suppose -12*b - 331950 = -62*b. List the prime factors of b.
3, 2213
Suppose -1680 = -35*f + 23*f. Let o = f - -47. List the prime factors of o.
11, 17
Let w(z) = 3*z + 3*z - 2 + 5 - 8 - z**2. Let m be w(5). Suppose m = 7*i - 745 - 263. What are the prime factors of i?
2, 3
Suppose -2*m - m = m. Suppose 2*u - 1947 - 1827 = 3*c, u + c - 1897 = m. What are the prime factors of u?
3, 631
Let b = 289 - 682. List the prime factors of -6 + (-5)/(5/b).
3, 43
Let m be 2*97*(-2 - (-21)/14). What are the prime factors of (-1)/(4/8)*m?
2, 97
Let o = 973 + -1564. Let u = o + 1005. List the prime factors of u.
2, 3, 23
Let p(r) = 36*r**2 - 2*r - 1. Let g be p(4). Let v be ((-18)/(-21))/(1/g). Suppose -5*a = -o - v, 4*a + 3*o - 306 = a. What are the prime factors of a?
2, 7
Suppose -b = -5*y - 476, 212 = -y - y - 5*b. What are the prime factors of (-54600)/y + (-3)/4?
2, 71
Suppose 0 = -35*o + 25*o + 15420. Let i = o + -169. List the prime factors of i.
1373
Suppose -4*m - 4*t = -92, 0 = 2*m - 2*t - 16 - 18. Suppose m = -5*k, -6*q + 2*q = -k - 148. List the prime factors of 202/4 + -3*(-6)/q.
3, 17
List the prime factors of (-3)/(-16) + (-27464304)/(-768).
11, 3251
Let g be (-19 - -5)*10/(-4). Let f be (1 + 0)*(-4 + 33). Let l = g + f. List the prime factors of l.
2
Let f(b) = -52 + 12*b - 5*b + 10*b + 61. Let u be f(5). Suppose 5*j = j - w + 188, -2*j = -w - u. List the prime factors of j.
47
Suppose 2*w - 6920 = 5*a + 32633, -59298 = -3*w + 4*a. What are the prime factors of w?
2, 7, 17, 83
Let g be 6/33 - ((-86)/11 - -1). List the prime factors of 1047/g + (-44)/77.
149
Let d be 2 + ((-7)/3 - (-4)/12). Suppose 2*g - 91 - 29 = d. What are the prime factors of ((-42)/10)/((-2)/g)?
2, 3, 7
Let a = 3 + 2. Let s = a - 5. Suppose 3*o - 4*x + s*x = 204, 0 = -o + 3*x + 68. List the prime factors of o.
2, 17
Suppose 0 = -15*h + 2601 + 44559. Suppose -5*v + h = -2546. What are the prime factors of v?
2, 569
Suppose -4*k + 93 = -v - 327, -3*k = 5*v - 338. What are the prime factors of k?
2, 53
Let q(b) = b**3 + 17*b**2 - 2*b - 31. Let l be q(-17). Suppose 1947 = 4*p - j, -2*p + 0*j + l*j = -971. List the prime factors of p.
487
Let l = 80 - 76. Suppose -l*h - 12 = 28. Let b = 69 - h. What are the prime factors of b?
79
Suppose 5*n - 10689 + 2064 = 0. Suppose 2*o + 455 = n. List the prime factors of o.
5, 127
List the prime factors of (-28)/9*24*(-4485)/52.
2, 5, 7, 23
Let h = 72 + -49. Let g = 102 + h. List the prime factors of g.
5
Suppose -5*t + 111968 = 2*k, 5*k - 6*t = -7*t + 279874. What are the prime factors of k?
2, 3, 19, 491
Suppose -480285 = -10*j - 3*j. Suppose j = -z + 46*z. What are the prime factors of z?
821
Suppose 0 = 4*z - 32 - 0. Suppose 271 + 665 = z*d. Suppose 19*w = 18*w + d. What are the prime factors of w?
3, 13
What are the prime factors of (306/408 + (-1)/(-4))*4115?
5, 823
Suppose -12*b = b - 24843. Suppose -5*x = 2*x - b. List the prime factors of x.
3, 7, 13
Suppose -237*t + 234*t + 3*p + 19749 = 0, 0 = -p - 4. List the prime factors of t.
3, 17, 43
Let w be 2/(-12) - 63156/(-72). Let f = w + -626. What are the prime factors of f?
251
Suppose 0 = -32*t - 17*t - 294. Let k(a) = -4*a**3 - a**2 + 23*a + 28. List the prime factors of k(t).
2, 359
Suppose 75*w - 76*w + 7 = 0. Let f(n) = -n**2 + 18*n - 37. What are the prime factors of f(w)?
2, 5
Suppose -10*s = -0*s - 70. Suppose -s - 140 = 3*p. Let v = p - -57. What are the prime factors of v?
2
Let j = -2439 + 1642. Let q = j + 1403. What are the prime factors of q?
2, 3, 101
Let r = -185 + 341. Let k be (-3 + 1)/(4/(-8)). Suppose t = v + 91, k*t + v - r = 188. List the prime factors of t.
3